{"id":1825,"date":"2026-01-21T14:46:39","date_gmt":"2026-01-21T14:46:39","guid":{"rendered":"https:\/\/aniwin.heroesdelsilencio.com\/?product=gorra-munchen"},"modified":"2026-01-21T14:46:44","modified_gmt":"2026-01-21T14:46:44","slug":"gorra-munchen","status":"publish","type":"product","link":"https:\/\/aniwin.heroesdelsilencio.com\/?product=gorra-munchen","title":{"rendered":"GORRA M\u00dcNCHEN"},"content":{"rendered":"<p>GORRA CON LA CORONA BLANDA Y COMODA PARA VESTIR, BORDADOS EXCLUSIVOS EN HILO PLATEADO,FABRICADA CON ALGOD\u00d3N CULTIVADO CON M\u00c9TODOS DE BAJO IMPACTO AMBIENTAL, SIN EL USO DE PESTICIDAS, FERTILIZANTES QU\u00cdMICOS T\u00d3XICOS Y DE CULTIVOS ORG\u00c1NICOS CONTROLADOS Y CERTIFICADOS.HEBILLA COMPLETAMENTE MET\u00c1LICA CON ORIFICIO MET\u00c1LICO. CIERRE TRASERO AJUSTABLE.BANDA PARA EL SUDOR DEL MISMO TEJIDO QUE LA GORRA, REALZADA CON 4 FILAS EN EL FRENTE Y CERRADA EN LA PARTE POSTERIOR.LA SARGA ES UN TIPO DE TEJIDO CARACTERIZADO POR NERVADURAS DIAGONALES PARALELAS EN LA PARTE DELANTERA.PROCESO DE LAVADO REALIZADO UNA VEZ TERMINADA LA GORRA, QUE REALZA LA SUAVIDAD DE LAS FIBRAS.VISERA INTERNA FABRICADA EN PL\u00c1STICO (PE) 100% RECICLADO, REALIZADA EN COLABORACI\u00d3N CON ReTraze\u00ae.<\/p>\n","protected":false},"excerpt":{"rendered":"<p>GORRA M\u00dcNCHEN<\/p>\n","protected":false},"featured_media":1826,"comment_status":"closed","ping_status":"open","template":"","meta":[],"product_brand":[],"product_cat":[170,151,152],"product_tag":[],"class_list":{"0":"post-1825","1":"product","2":"type-product","3":"status-publish","4":"has-post-thumbnail","6":"product_cat-gorras","7":"product_cat-ropa","8":"product_cat-unisex","10":"first","11":"instock","12":"shipping-taxable","13":"purchasable","14":"product-type-simple"},"_links":{"self":[{"href":"https:\/\/aniwin.heroesdelsilencio.com\/index.php?rest_route=\/wp\/v2\/product\/1825","targetHints":{"allow":["GET"]}}],"collection":[{"href":"https:\/\/aniwin.heroesdelsilencio.com\/index.php?rest_route=\/wp\/v2\/product"}],"about":[{"href":"https:\/\/aniwin.heroesdelsilencio.com\/index.php?rest_route=\/wp\/v2\/types\/product"}],"replies":[{"embeddable":true,"href":"https:\/\/aniwin.heroesdelsilencio.com\/index.php?rest_route=%2Fwp%2Fv2%2Fcomments&post=1825"}],"wp:featuredmedia":[{"embeddable":true,"href":"https:\/\/aniwin.heroesdelsilencio.com\/index.php?rest_route=\/wp\/v2\/media\/1826"}],"wp:attachment":[{"href":"https:\/\/aniwin.heroesdelsilencio.com\/index.php?rest_route=%2Fwp%2Fv2%2Fmedia&parent=1825"}],"wp:term":[{"taxonomy":"product_brand","embeddable":true,"href":"https:\/\/aniwin.heroesdelsilencio.com\/index.php?rest_route=%2Fwp%2Fv2%2Fproduct_brand&post=1825"},{"taxonomy":"product_cat","embeddable":true,"href":"https:\/\/aniwin.heroesdelsilencio.com\/index.php?rest_route=%2Fwp%2Fv2%2Fproduct_cat&post=1825"},{"taxonomy":"product_tag","embeddable":true,"href":"https:\/\/aniwin.heroesdelsilencio.com\/index.php?rest_route=%2Fwp%2Fv2%2Fproduct_tag&post=1825"}],"curies":[{"name":"wp","href":"https:\/\/api.w.org\/{rel}","templated":true}]}}